f 921667521?
3, 37, 101, 229, 359
List the prime factors of 899567097.
3, 11, 13, 2096893
What are the prime factors of 9279375?
3, 5, 7, 101
What are the prime factors of 3441267759?
3, 929, 1234757
List the prime factors of 38814507.
3, 59, 67, 1091
What are the prime factors of 359782016?
2, 11, 17, 15031
List the prime factors of 1349542582.
2, 71, 1987, 4783
List the prime factors of 243148875.
3, 5, 17, 43, 887
List the prime factors of 576631681.
67, 8606443
List the prime factors of 909109070.
2, 5, 1277, 71191
What are the prime factors of 349224419?
349224419
What are the prime factors of 157475429?
179, 383, 2297
List the prime factors of 265208742.
2, 3, 6737
What are the prime factors of 513128049?
3, 7, 151, 23117
What are the prime factors of 300086957?
23, 107, 121937
List the prime factors of 47609842.
2, 7, 3400703
List the prime factors of 34152282.
2, 3, 1013, 1873
List the prime factors of 178047437.
89, 223, 8971
List the prime factors of 34836373.
11, 13, 59, 4129
List the prime factors of 523158595.
5, 17, 6154807
What are the prime factors of 514703058?
2, 3, 233, 368171
What are the prime factors of 22349282?
2, 19, 701, 839
What are the prime factors of 2142641242?
2, 7, 153045803
What are the prime factors of 35597936?
2, 11, 223, 907
What are the prime factors of 1388724709?
53, 83, 315691
List the prime factors of 5296820597.
71, 139, 709, 757
List the prime factors of 10608170.
2, 5, 17, 62401
What are the prime factors of 528704230?
2, 5, 52870423
What are the prime factors of 287930694?
2, 3, 109, 440261
What are the prime factors of 4811270806?
2, 4373, 550111
What are the prime factors of 10920695?
5, 197, 11087
What are the prime factors of 48282100?
2, 5, 29, 16649
What are the prime factors of 652458419?
17, 389, 98663
What are the prime factors of 134318935?
5, 167, 160861
List the prime factors of 490717739.
6257, 78427
List the prime factors of 138521902.
2, 491, 141061
List the prime factors of 56555386.
2, 127, 222659
List the prime factors of 1218062011.
47, 25916213
List the prime factors of 40287229.
17, 2369837
List the prime factors of 98898258.
2, 3, 397, 41519
What are the prime factors of 92422266?
2, 3, 15403711
What are the prime factors of 6661151054?
2, 719, 4632233
What are the prime factors of 708660342?
2, 3, 13, 1049, 2887
What are the prime factors of 24364206?
2, 3, 53, 8513
What are the prime factors of 243589755?
3, 5, 1531, 10607
List the prime factors of 56282889.
3, 13, 1443151
List the prime factors of 28730737.
7, 4104391
List the prime factors of 6376596403.
19, 1033, 324889
List the prime factors of 200542047.
3, 17, 29, 135593
What are the prime factors of 30969333?
3, 37, 93001
List the prime factors of 73544780.
2, 5, 3677239
What are the prime factors of 1241421576?
2, 3, 1187, 43577
What are the prime factors of 2989099626?
2, 3, 498183271
What are the prime factors of 122439067?
3617, 33851
List the prime factors of 3127121520.
2, 3, 5, 1583, 8231
What are the prime factors of 263946701?
67, 1823, 2161
What are the prime factors of 604987076?
2, 151246769
What are the prime factors of 1853597022?
2, 3, 19, 277, 58699
What are the prime factors of 1941085088?
2, 31, 167, 11717
List the prime factors of 1342901159.
7907, 169837
What are the prime factors of 568371450?
2, 3, 5, 3789143
What are the prime factors of 12222092?
2, 19, 160817
List the prime factors of 2567249413.
2567249413
List the prime factors of 72794927.
72794927
List the prime factors of 545903717.
545903717
What are the prime factors of 37512110?
2, 5, 47, 79813
What are the prime factors of 1483453178?
2, 741726589
What are the prime factors of 92200879?
199, 463321
What are the prime factors of 338192737?
151, 2239687
List the prime factors of 37967927.
41, 907, 1021
What are the prime factors of 49759849?
3347, 14867
What are the prime factors of 588836244?
2, 3, 5023, 9769
List the prime factors of 156474135.
3, 5, 3477203
What are the prime factors of 7769551894?
2, 13, 2557, 116867
List the prime factors of 182251268.
2, 19, 101, 23743
What are the prime factors of 666840226?
2, 13, 19, 307, 4397
What are the prime factors of 1055911056?
2, 3, 293, 75079
What are the prime factors of 1458658590?
2, 3, 5, 48621953
List the prime factors of 5132075359.
38723, 132533
What are the prime factors of 101690742?
2, 3, 41, 479, 863
List the prime factors of 695634810.
2, 3, 5, 13, 149, 11971
List the prime factors of 1400474646.
2, 3, 23, 1151, 2939
What are the prime factors of 95847414?
2, 3, 13, 281, 4373
List the prime factors of 1030203119.
11, 7951, 11779
List the prime factors of 8242596.
2, 3, 228961
List the prime factors of 1403651399.
1403651399
What are the prime factors of 70088727?
3, 733, 31873
List the prime factors of 18742901.
18742901
List the prime factors of 1958598230.
2, 5, 29, 1373, 4919
What are the prime factors of 634563905?
5, 23, 5517947
List the prime factors of 167490694.
2, 7, 1613, 7417
List the prime factors of 33919754.
2, 11, 103, 14969
What are the prime factors of 11776341?
3, 59, 66533
List the prime factors of 1360903275.
3, 5, 83, 2699
List the prime factors of 385706825.
5, 7, 2204039
List the prime factors of 191399507.
13, 29, 507691
What are the prime factors of 61275079?
61275079
What are the prime factors of 52651448?
2, 17, 467, 829
What are the prime factors of 84804455?
5, 107, 293, 541
List the prime factors of 260646847.
157, 719, 2309
List the prime factors of 56830000.
2, 5, 5683
What are the prime factors of 863031244?
2, 149, 1448039
List the prime factors of 28119574.
2, 7, 53, 37897
What are the prime factors of 300313596?
2, 3, 11, 2275103
What are the prime factors of 185753490?
2, 3, 5, 13, 79, 6029
List the prime factors of 242859778.
2, 7, 354023
What are the prime factors of 687189832?
2, 7, 12271247
List the prime factors of 9556386.
2, 3, 7, 227533
What are the prime factors of 7211116838?
2, 197, 18302327
List the prime factors of 19198115.
5, 3839623
List the prime factors of 1213521977.
41, 29598097
List the prime factors of 92467712.
2, 313, 577
What are the prime factors of 374652735?
3, 5, 19, 1314571
What are the prime factors of 3757095094?
2, 157, 11965271
What are the prime factors of 63425522?
2, 31712761
What are the prime factors of 1784771037?
3, 7, 9443233
List the prime factors of 140988213.
3, 15665357
What are the prime factors of 51237503?
2953, 17351
List the prime factors of 4938141320.
2, 5, 7, 17636219
What are the prime factors of 159408686?
2, 79704343
List the prime factors of 8209591.
13, 631507
List the prime factors of 4434139284.
2, 3, 369511607
List the prime factors of 709057418.
2, 37, 433, 22129
What are the prime factors of 5379752506?
2, 2689876253
List the prime factors of 77631590.
2, 5, 677, 11467
What are the prime factors of 4300181371?
2633, 1633187
List the prime factors of 154117965.
3, 5, 73, 97, 1451
List the prime factors of 1619024936.
2, 4327, 46771
List the prime factors of 689227401.
3, 601, 382267
What are the prime factors of 5969380830?
2, 3, 5, 7, 43, 661061
List the prime factors of 75411560.
2, 5, 7, 269327
What are the prime factors of 300778239?
3, 47, 353, 6043
List the prime factors of 426613853.
2039, 209227
What are the prime factors of 1453490457?
3, 131, 157, 23557
List the prime factors of 211775864.
2, 29, 37, 24671
List the prime factors of 852330574.
2, 6163, 69149
List the prime factors of 30997454.
2, 89, 174143
What are the prime factors of 66005775?
3, 5, 11, 26669
What are the prime factors of 1156123569?
3, 385374523
List the prime factors of 136202584.
2, 7, 811, 2999
What are the prime factors of 317609520?
2, 3, 5, 1323373
What are the prime factors of 5354455872?
2, 3, 97, 287503
List the prime factors of 24112403.
7, 53, 103, 631
List the prime factors of 130045343.
37, 3514739
What are the prime factors of 181954045?
5, 7, 13, 399899
List the prime factors of 1523076915.
3, 5, 101538461
What are the prime factors of 125805838?
2, 109, 113, 5107
List the prime factors of 37873409.
7, 103, 52529
What are the prime factors of 1051936471?
1051936471
List the prime factors of 455389098.
2, 3, 17, 23, 194113
List the prime factors of 127061671.
11, 71, 162691
Li